 3*w**2 - 49*w - 834. Give n(27).
30
Let s(y) = -19270*y - 134889. What is s(-7)?
1
Let d(o) = -4*o**2 - 81*o + 10761. Give d(-63).
-12
Let i(z) = -2*z**2 + 40*z + 30. Calculate i(21).
-12
Let i(n) = -856*n - 6848. Give i(-8).
0
Let t(g) = 2*g**3 - 7*g**2 + 8*g - 14. What is t(3)?
1
Let z(b) = -b**3 + 83*b**2 - 163*b + 79. Determine z(81).
-2
Let v(i) = 7*i**3 - 50*i**2 + 7*i + 11. Give v(7).
11
Let l(m) = -14*m + 631. Give l(62).
-237
Let b(n) = -5*n - 69. Give b(-16).
11
Let g(y) = -87*y**2 - 7*y - 7. Determine g(-1).
-87
Let w(c) = -c**3 - 34*c**2 + 733*c - 105. Determine w(-49).
-7
Let j(r) = -r**2 + 15*r. Give j(15).
0
Let y(l) = 111*l + 222. Give y(-2).
0
Let y(x) = -x**3 - 12*x**2 - 18*x - 141. Calculate y(-11).
-64
Let a(v) = 6*v**2 + 257*v - 36. Determine a(-43).
7
Let k(i) = -10*i**2 - 118*i + 67. Determine k(-13).
-89
Let g(c) = 797*c + 6373. Give g(-8).
-3
Let o(x) = -x**3 - 112*x**2 - 277*x + 5452. What is o(-109)?
2
Let y(z) = -12*z + 138. Determine y(15).
-42
Let r(g) = -28*g - 41. Give r(-2).
15
Let k(g) = 8*g**2 + 14*g - 90. Calculate k(5).
180
Let d(k) = -k**3 - 9*k**2 + 6*k + 134. Calculate d(-8).
22
Let h(s) = -2*s**3 - 6*s**2 + 9*s + 37. Give h(0).
37
Let d(z) = -28*z - 135. Determine d(-6).
33
Let w(x) = x**3 + 34*x**2 + 270*x - 55. Determine w(-21).
8
Let h(f) = 9*f**2 - 37*f + 147. Give h(6).
249
Let q(k) = 307*k - 3984. Calculate q(13).
7
Let g(o) = -o**2 - 67*o - 353. What is g(-61)?
13
Let a(y) = 30*y**3 + 3*y**2 - 38*y + 35. Calculate a(1).
30
Let p(i) = -i**3 + 12*i**2 - 16*i + 9. What is p(12)?
-183
Let y(q) = q**3 + 43*q**2 - q - 20. What is y(-43)?
23
Let k(v) = v**3 - 3*v**2 - 10*v + 28. Determine k(4).
4
Let c(j) = -16*j + 355. What is c(25)?
-45
Let a(b) = 9516*b - 66615. Calculate a(7).
-3
Let b(z) = -2*z**3 - 4*z + 30. What is b(0)?
30
Let u(j) = 6*j**2 + 121*j - 30. Determine u(-21).
75
Let j(t) = 39*t**3 + 310*t**2 + 10*t + 202. Calculate j(-8).
-6
Let a(k) = 12*k**3 + 2*k**2 + 17*k - 4. What is a(3)?
389
Let d(b) = b**3 + 30*b**2 - 70*b + 383. Give d(-33).
-574
Let k(w) = w**2 - 415*w + 8268. Determine k(21).
-6
Let m(b) = b**3 + 93*b**2 - 191*b - 1. Calculate m(2).
-3
Let d(l) = 564*l + 392. What is d(-1)?
-172
Let p(q) = -59*q - 537. Determine p(-12).
171
Let n(u) = -428*u + 2559. Determine n(6).
-9
Let t(c) = -31*c + 1472. Determine t(36).
356
Let d(l) = 92*l + 3330. Determine d(-36).
18
Let u(n) = n**2 - 16550*n + 49636. Give u(3).
-5
Let g(c) = 5*c**2 - 228*c - 685. Calculate g(-3).
44
Let u(r) = 2*r**2 - 153*r + 1606. Determine u(12).
58
Let d(r) = 705*r - 4234. Calculate d(6).
-4
Let w(p) = -124*p**3 - 2*p**2 + 3*p - 2. What is w(1)?
-125
Let k(m) = 33*m - 556. Determine k(15).
-61
Let a(y) = -69*y - 791. Give a(-12).
37
Let x(z) = 4*z**3 - 10*z**2 - 3*z + 24. Give x(-2).
-42
Let y(t) = 883*t + 234. Give y(0).
234
Let v(j) = -11*j - 340. Determine v(-28).
-32
Let w(k) = 2*k**2 - 84*k + 638. Give w(10).
-2
Let y(u) = 8*u**2 - 13*u + 13. Determine y(1).
8
Let h(r) = 32*r + 2606. What is h(-82)?
-18
Let x(l) = -l**3 + 21*l**2 + 3*l - 441. What is x(20)?
19
Let q(c) = -1022*c - 2. Calculate q(0).
-2
Let u(d) = -311*d - 931. Determine u(-3).
2
Let b(y) = -110*y - 5618. What is b(-51)?
-8
Let j(a) = -17*a**2 - 439*a + 77. Calculate j(-26).
-1
Let p(s) = s**2 + 100*s - 1439. Give p(13).
30
Let p(l) = -2*l**3 - 92*l**2 - 114*l - 102. Calculate p(-45).
978
Let u(z) = 6*z**2 + 15*z - 16. Determine u(2).
38
Let v(x) = -150*x - 3904. Determine v(-26).
-4
Let t(j) = 2*j**3 + 38*j**2 - j - 57. Determine t(-19).
-38
Let l(u) = u**2 - 360*u + 10. Determine l(0).
10
Let v(z) = -3*z**2 + 2407*z - 11958. What is v(5)?
2
Let t(k) = 24*k + 128. Determine t(-6).
-16
Let g(f) = -f**2 + 84*f - 1213. Calculate g(51).
470
Let p(i) = -8*i**3 + 56*i**2 + 27*i - 193. Determine p(7).
-4
Let r(h) = -24*h - 415. Give r(-21).
89
Let t(o) = -o**2 + 7*o + 32. Give t(-4).
-12
Let s(f) = -3*f**2 + 41*f + 148. Give s(25).
-702
Let u(r) = 7*r**2 - 929*r + 667. Determine u(132).
7
Let z(i) = 2*i**3 - 21*i**2 + 20*i - 83. Determine z(8).
-243
Let z(n) = -n**3 + 28*n**2 - 49*n + 48. What is z(26)?
126
Let w(f) = 5*f**2 - 14*f + 15. Determine w(4).
39
Let f(a) = -a**3 + 110*a**2 + 330*a + 928. Determine f(113).
-89
Let x(s) = 917*s - 4271. What is x(5)?
314
Let x(b) = b**2 + 61*b + 17. Calculate x(-61).
17
Let s(n) = 10*n**2 + 33*n + 50. Give s(-4).
78
Let r(y) = 16*y - 633. Calculate r(22).
-281
Let w(u) = 4710*u - 28256. Determine w(6).
4
Let n(o) = -73087*o + 292355. What is n(4)?
7
Let c(n) = -n**2 - 30*n + 86. What is c(-33)?
-13
Let s(p) = p**3 - 3*p**2 + 25*p - 252. What is s(6)?
6
Let a(r) = -3*r**2 - 142*r - 40. Give a(-48).
-136
Let n(r) = -29*r + 123. Determine n(-7).
326
Let g(c) = -c**3 - 2*c**2 + 11*c - 9. Give g(6).
-231
Let q(j) = -314*j + 85091. Calculate q(271).
-3
Let x(b) = 22*b**3 - 2*b**2 - 29*b + 31. Calculate x(1).
22
Let c(h) = -h**3 + 32*h**2 - 57*h - 90. Calculate c(30).
0
Let h(q) = -84*q**2 - 7*q + 10. Give h(2).
-340
Let i(v) = 3*v**2 + 93*v + 5. Determine i(-31).
5
Let n(j) = -19*j + 253. What is n(28)?
-279
Let n(i) = -5*i**3 - 5*i**2 + 28*i - 25. Give n(2).
-29
Let z(b) = 83*b - 5891. Determine z(71).
2
Let b(z) = z**2 - 5642*z + 13. Determine b(0).
13
Let s(b) = 3*b**2 - 98*b - 391. Give s(37).
90
Let m(t) = t**2 + 84*t - 959. Give m(-94).
-19
Let y(r) = r**2 + 25*r + 111. Determine y(-21).
27
Let r(y) = -y**3 - 12*y**2 - 24*y + 73. Determine r(-6).
1
Let t(s) = -7*s**2 + 47*s + 14962. Calculate t(-43).
-2
Let y(l) = -27*l**2 - 37*l - 123. Determine y(-5).
-613
Let g(x) = -4*x - 90. What is g(68)?
-362
Let f(z) = 20*z - 201. Determine f(11).
19
Let b(i) = 60*i + 649. Give b(-11).
-11
Let m(r) = -55*r - 93. What is m(-7)?
292
Let x(f) = -63*f - 81. Calculate x(-3).
108
Let w(k) = -22*k - 1072. Determine w(-50).
28
Let b(z) = -3*z - 369. Determine b(-59).
-192
Let s(y) = 32*y + 440. Calculate s(-13).
24
Let g(z) = -13722*z - 15. Determine g(0).
-15
Let v(k) = -k**3 + k**2 - 24*k + 100. Calculate v(4).
-44
Let m(a) = 15*a**2 - 29*a + 16. What is m(4)?
140
Let c(y) = -41*y - 218. Give c(-5).
-13
Let n(u) = 7*u**3 + 18*u**2 - 61*u + 19. What is n(4)?
511
Let h(m) = -36*m**2 + 17*m - 5. What is h(1)?
-24
Let g(t) = 76*t - 2058. Determine g(27).
-6
Let z(h) = 579*h**2 + 6372*h + 7. What is z(-11)?
-26
Let h(v) = -147*v - 6984. Give h(-48).
72
Let h(x) = x**2 + 92*x - 494. Calculate h(5).
-9
Let g(a) = -a**2 - 66*a + 675. Give g(9).
0
Let i(a) = -a**3 - 29*a**2 + 7*a + 170. What is i(-29)?
-33
Let l(q) = -q**3 + 168*q**2 - 38*q + 6368. Determine l(168).
-16
Let a(y) = -3271*y - 32715. What is a(-10)?
-5
Let q(s) = -9*s**2 + 4*s + 28. Calculate q(-4).
-132
Let d(a) = -13*a - 1973. Determine d(-152).
3
Let n(d) = 11*d - 110. What is n(11)?
11
Let a(q) = 3*q**3 - 310*q**2 + 7627*q - 245. What is a(63)?
7
Let z(i) = -19*i**2 - 261*i + 60. Give z(-14).
-10
Let b(v) = -48*v - 2941. Calculate b(-58).
-157
Let p(z) = 14*z**2 - 132*z + 28. Calculate p(7).
-210
Let h(j) = 14*j**2 - 3*j - 3. Calculate h(-1).
14
Let f(t) = 2*t**2 - 108*t + 885. Calculate f(44).
5
Let b(r) = 4*r**3 + 28*r**2 + 11*r - 45. Give b(-6).
33
Let d(o) = 5*o**2 + 34*o + 106. Determine d(-3).
49
Let z(c) = c**3 + c**2 - 13*c + 10. Calculate z(0).
10
Let k(x) = -8*x**3 + x**2 - 1355*x - 1356. Calculate k(-1).
8
Let z(w) = -3141*w + 12560. Give z(4).
-4
Let x(s) = -451*s + 115. Determine x(2).
-787
Let g(i) = -11*i + 941. Give g(54).
347
Let p(b) = 5*b**2 - 13*b - 10. Determine p(-2).
36
Let n(k) = -k - 46. Determine n(-7).
-39
Let d(t) = -16*t + 577. What is d(30)?
97
Let i(h) = -h**3 - 4*h**2 - 10*h - 8. Determine i(-4).
32
Let r(o) = 10*o**3 - 19*o**2 + 10*o - 7. Determine r(2).
17
Let s(m) = 5*m - 68. Determine s(13).
-3
Let j(l) = -3*l - 105. Determine j(0).
-105
Let k(z) = 7*z + 54. Give k(12).
138
Let a(t) = -310*t - 3735. Give a(-12).
-15
Let y(n) = -26*n + 382. What is y(14)?
18
Let p(l) = -46*l + 573. Determine p(24).
-531
Let v(c) = -8*c**2 + 5415. Determine v(26).
7
Let z(m) = 39*m**2 - 550*m - 544. Give z(15).
-19
Let h(y) = 2*y**3 - 20*y**2 + y + 15. What is h(10)?
25
Let d(b) = -2*b**2 - 121*b + 3760. What is d(-83)?
25
Let b(c) = -94*c + 3564. Determine b(38).
-8
Let c(m) = -102*m - 82. What is c(-2)?
122
Let g(h) = 3*h**3 - 53*h**2 